11411 (base 6) in base 15?
-2be4
211211 (base 3) to base 9
754
-10120122 (base 3) to base 5
-40414
-9a76 (base 14) to base 15
-7de0
102002 (base 4) to base 6
5202
Convert -1604 (base 10) to base 8.
-3104
-44c4 (base 13) to base 4
-2112120
3164 (base 7) to base 10
1124
-836 (base 13) to base 12
-985
What is 5640 (base 9) in base 6?
31143
-11013 (base 4) to base 14
-195
12322 (base 5) to base 9
1278
Convert 11111020 (base 4) to base 16.
5548
-233 (base 7) to base 5
-442
What is -1200020220 (base 3) in base 14?
-c047
Convert 745 (base 9) to base 16.
260
What is 2858 (base 9) in base 7?
6203
1638 (base 15) to base 10
4778
Convert 8d7 (base 16) to base 5.
33023
Convert 135 (base 9) to base 3.
11012
What is -285 (base 13) in base 4?
-12333
105240 (base 6) to base 11
67a9
2c4c (base 13) to base 9
8806
11 (base 14) to base 11
14
What is -414134 (base 5) in base 7?
-54565
Convert -3eb (base 16) to base 4.
-33223
Convert 2202 (base 4) to base 7.
321
What is 2304022 (base 5) in base 2?
1010000010110001
What is 14041 (base 5) in base 15?
516
Convert -4346 (base 10) to base 4.
-1003322
Convert -2310132 (base 4) to base 3.
-120211210
What is 22a (base 14) in base 13?
271
317 (base 8) to base 7
414
-1114 (base 6) to base 7
-523
Convert 304543 (base 6) to base 2.
101111101001111
Convert 18c73 (base 15) to base 10.
80433
Convert 122241 (base 5) to base 9.
6387
What is -89b (base 13) in base 8?
-2710
Convert 726 (base 11) to base 2.
1101101011
What is -3233 (base 6) in base 11?
-614
Convert -100001100011 (base 2) to base 5.
-32042
-700 (base 10) to base 14
-380
Convert 12324 (base 5) to base 16.
3c4
What is -3781 (base 10) in base 14?
-1541
What is -33450 (base 8) in base 5?
-422440
37102 (base 8) to base 9
23768
Convert 154521 (base 8) to base 15.
1173d
Convert -413 (base 14) to base 10.
-801
-10131 (base 6) to base 2
-10101000111
Convert 48b (base 13) to base 15.
37b
Convert 132060 (base 7) to base 12.
12396
-11101110010011 (base 2) to base 3
-202220212
Convert 121345 (base 6) to base 3.
112201002
41051 (base 6) to base 14
1d9d
112 (base 13) to base 9
224
123313 (base 4) to base 8
3367
-247 (base 12) to base 16
-157
Convert 31130 (base 5) to base 9.
2716
Convert -8c4b (base 14) to base 7.
-131024
Convert 101000101110 (base 2) to base 16.
a2e
What is 313123 (base 4) in base 16?
ddb
Convert 3796 (base 11) to base 14.
1b33
What is 1001011000 (base 2) in base 7?
1515
Convert 24a10 (base 11) to base 15.
a937
-1304 (base 7) to base 13
-2c0
Convert 2111 (base 4) to base 2.
10010101
What is 211241 (base 6) in base 16?
4309
3802 (base 16) to base 3
201200001
What is 173b (base 15) in base 7?
20411
Convert 1296 (base 11) to base 9.
2264
Convert 100000001010 (base 2) to base 9.
2736
121 (base 16) to base 10
289
What is -709 (base 12) in base 14?
-529
-1a304 (base 12) to base 9
-57664
Convert 3566 (base 8) to base 11.
1487
Convert -113 (base 9) to base 6.
-233
Convert -5126 (base 7) to base 10.
-1784
Convert -1223 (base 4) to base 15.
-72
Convert -63c (base 13) to base 2.
-10000101001
What is 5101 (base 7) in base 13?
a5a
What is 2b7 (base 15) in base 14?
326
-504 (base 6) to base 11
-158
What is 501 (base 13) in base 2?
1101001110
Convert -2549 (base 12) to base 14.
-1785
Convert 4fc6 (base 16) to base 9.
31011
What is -10100111110 (base 2) in base 6?
-10114
What is 22 (base 12) in base 13?
20
What is 1975 (base 15) in base 7?
22031
What is 10010202 (base 3) in base 7?
6446
Convert 11d1 (base 15) to base 4.
323110
32332101 (base 4) to base 8
167621
-146334 (base 7) to base 4
-12333201
144322 (base 6) to base 10
13946
-1332 (base 12) to base 5
-32243
Convert 9307 (base 13) to base 7.
113101
Convert -2210020010 (base 3) to base 11.
-38225
-12028 (base 10) to base 12
-6b64
What is -13122 (base 8) in base 2?
-1011001010010
-17b5 (base 14) to base 5
-114100
What is -2163 (base 10) in base 11?
-1697
Convert 227 (base 13) to base 4.
11303
Convert -2047 (base 9) to base 5.
-22001
Convert -29ac (base 15) to base 13.
-40b6
-22a (base 15) to base 4
-13222
-1072 (base 8) to base 6
-2350
Convert 580 (base 10) to base 2.
1001000100
What is 524 (base 8) in base 7?
664
Convert -32231 (base 7) to base 9.
-11878
-1006 (base 10) to base 9
-1337
Convert 678 (base 14) to base 11.
a66
Convert -42250 (base 6) to base 7.
-22446
Convert 1a71 (base 14) to base 7.
20001
What is 640 (base 9) in base 11?
435
What is -36675 (base 9) in base 14?
-8d7d
What is -54441 (base 6) in base 13?
-355c
37724 (base 9) to base 6
313251
Convert 1100010011011001 (base 2) to base 10.
50393
c2 (base 14) to base 12
122
-31031 (base 4) to base 13
-500
What is -169 (base 13) in base 8?
-400
Convert -100011011000 (base 2) to base 4.
-203120
Convert 3dc (base 14) to base 15.
372
What is 2000113 (base 5) in base 13?
11315
106645 (base 7) to base 6
224504
2405 (base 8) to base 12
8b1
Convert -121020111 (base 3) to base 8.
-27077
Convert 9059 (base 10) to base 15.
2a3e
Convert da28 (base 15) to base 13.
18020
1065 (base 9) to base 15
378
-11416 (base 8) to base 9
-6620
28d0 (base 15) to base 2
10001000101001
2c5c (base 13) to base 8
14543
-2b7 (base 14) to base 8
-1051
2211020 (base 3) to base 11
1601
Convert -667 (base 9) to base 5.
-4142
What is -3125 (base 6) in base 8?
-1275
Convert 2b6a (base 15) to base 2.
10010001101101
7440 (base 8) to base 10
3872
Convert 25970 (base 11) to base 8.
110357
Convert 17c03 (base 15) to base 2.
10010110010011001
What is -1246 (base 10) in base 15?
-581
What is 622 (base 9) in base 16?
1fa
-1754 (base 8) to base 2
-1111101100
Convert 1213111 (base 4) to base 14.
25a5
Convert 1220121 (base 4) to base 10.
6681
What is 6562 (base 10) in base 3?
100000001
Convert -11200 (base 5) to base 2.
-1100100000
What is -1101110011 (base 2) in base 10?
-883
What is 12f4 (base 16) in base 12?
2984
Convert 1d66d (base 14) to base 7.
432466
281 (base 14) to base 3
200201
120122001 (base 3) to base 10
11395
Convert -765 (base 9) to base 13.
-392
Convert -32200 (base 4) to base 14.
-4a4
What is 23c (base 15) in base 13?
300
Convert 102222 (base 4) to base 13.
70b
Convert 23b8 (base 15) to base 7.
31103
-6261 (base 7) to base 11
-171a
12225 (base 12) to base 14
8d09
41212 (base 7) to base 4
2131012
What is -960b (base 15) in base 14?
-b7cc
What is 262640 (base 7) in base 2?
1011111110000100
Convert 22 (base 3) to base 5.
13
Convert 2432 (base 7) to base 13.
548
What is 111101100 (base 2) in base 4?
13230
What is 150535 (base 6) in base 8?
34173
What is -241343 (base 5) in base 7?
-35106
What is 25331 (base 6) in base 8?
7327
-71a (base 13) to base 14
-622
1564 (base 7) to base 4
21322
202112210 (base 3) to base 10
14979
4201 (base 15) to base 3
201010201
What is -134056 (base 7) in base 15?
-77ed
534 (base 16) to base 6
10100
Convert 1631 (base 8) to base 12.
649
What is -2102110 (base 3) in base 2?
-11011100111
Convert -494 (base 13) to base 16.
-31d
265 (base 12) to base 3
111112
What is 2927 (base 13) in base 14?
224c
What is -203121 (base 4) in base 3?
-10002220
-11013000 (base 4) to base 16
-51c0
-13274 (base 9) to base 11
-6821
What is -642 (base 9) in base 6?
-2232
What is -3303210 (base 4) in base 14?
-5976
Convert -6053 (base 12) to base 16.
-28bf
What is -2e5 (base 16) in base 4?
-23211
Convert -11230 (base 5) to base 9.
-1105
What is 3153 (base 6) in base 4?
23031
-386 (base 9) to base 13
-1b9
30341 (base 5) to base 7
5514
What is 11032 (base 7) in base 12?
1727
Convert 266 (base 7) to base 6.
402
-1101100111 (base 2) to base 4
-31213
Convert 109 (base 16) to base 12.
1a1
5477 (base 9) to base 13
1ab9
What is 985 (base 12) in base 7?
4034
-11210002 (base 3) to base 8
-6635
What is 100011 (base 2) in base 16?
23
What is 7476 (base 11) in base 9?
14502
Convert 6120 (base 7) to base 16.
849
What is -c3b (base 15) in base 9?
-3702
Convert 1341002 (base 5) to base 16.
6beb
What is 110122 (base 3) in base 13?
203
Convert -1118 (base 12) to base 7.
-5342
What is -2123111 (base 4) in base 2?
-10011011010101
What is -20117 (base 12) in base 5?
-2313020
What is 1023 (base 12) in base 6?
12043
What is -2991 (base 12) in base 16?
-12fd
What is -11001100111010 (base 2) in base 14?
-4aca
10012010 (base 3) to base 12
1419
Convert 24150 (base 10) to base 8.
57126
Convert 12810 (base 13) to base 10.
34320
Con